3, 7, 11, 421
What are the prime factors of 113741?
107, 1063
What are the prime factors of 2460910?
2, 5, 67, 3673
What are the prime factors of 138788?
2, 13, 17, 157
What are the prime factors of 242904?
2, 3, 29, 349
List the prime factors of 9381245.
5, 1876249
What are the prime factors of 7046982?
2, 3, 31, 73, 173
List the prime factors of 226369.
11, 13, 1583
What are the prime factors of 5964?
2, 3, 7, 71
List the prime factors of 206866.
2, 11, 9403
List the prime factors of 4248236.
2, 47, 59, 383
List the prime factors of 255409.
7, 11, 31, 107
What are the prime factors of 19257?
3, 7, 131
What are the prime factors of 117313?
7, 16759
List the prime factors of 61804.
2, 15451
What are the prime factors of 111159?
3, 23, 179
What are the prime factors of 316620?
2, 3, 5, 1759
List the prime factors of 747342.
2, 3, 41519
List the prime factors of 18023425.
5, 7, 14713
What are the prime factors of 16194060?
2, 3, 5, 29989
List the prime factors of 663926.
2, 29, 11447
List the prime factors of 3882406.
2, 11, 61, 263
List the prime factors of 89188.
2, 11, 2027
What are the prime factors of 162333?
3, 17, 1061
What are the prime factors of 1079497?
269, 4013
List the prime factors of 1389028.
2, 347257
What are the prime factors of 9841906?
2, 311, 15823
What are the prime factors of 152864?
2, 17, 281
What are the prime factors of 17235?
3, 5, 383
List the prime factors of 36446.
2, 18223
What are the prime factors of 985383?
3, 7, 15641
List the prime factors of 30440263.
7, 643, 6763
List the prime factors of 232903.
11, 31, 683
What are the prime factors of 7732453?
1721, 4493
List the prime factors of 166590.
2, 3, 5, 617
What are the prime factors of 855056?
2, 53441
What are the prime factors of 20886206?
2, 11, 19, 29, 1723
List the prime factors of 164074.
2, 82037
List the prime factors of 3953582.
2, 1976791
What are the prime factors of 4591249?
13, 353173
List the prime factors of 2024909.
2024909
What are the prime factors of 473546?
2, 236773
List the prime factors of 789648.
2, 3, 16451
What are the prime factors of 2736813?
3, 17, 103, 521
What are the prime factors of 4322205?
3, 5, 139, 691
What are the prime factors of 211813?
7, 30259
List the prime factors of 32781371.
7, 23, 37, 5503
What are the prime factors of 568135?
5, 37, 83
List the prime factors of 325181.
325181
What are the prime factors of 35059279?
1117, 31387
What are the prime factors of 144711?
3, 7, 2297
What are the prime factors of 1598282?
2, 7, 47, 347
What are the prime factors of 13011324?
2, 3, 17, 63781
List the prime factors of 16010431.
16010431
What are the prime factors of 206551?
206551
List the prime factors of 134961.
3, 44987
What are the prime factors of 7141321?
11, 19, 47, 727
What are the prime factors of 2016448?
2, 7, 643
List the prime factors of 25386.
2, 3, 4231
List the prime factors of 6281237.
6281237
List the prime factors of 241465.
5, 7, 6899
List the prime factors of 21140484.
2, 3, 439, 4013
List the prime factors of 3328791.
3, 263, 4219
What are the prime factors of 2539036?
2, 634759
List the prime factors of 620392.
2, 77549
What are the prime factors of 17297629?
17297629
What are the prime factors of 7001581?
7001581
What are the prime factors of 36885044?
2, 7, 188189
What are the prime factors of 708633?
3, 78737
List the prime factors of 5627878.
2, 127, 22157
List the prime factors of 114288.
2, 3, 2381
What are the prime factors of 1479175?
5, 59167
What are the prime factors of 1845449?
37, 49877
What are the prime factors of 1604696?
2, 200587
List the prime factors of 1613442.
2, 3, 19, 14153
List the prime factors of 19496167.
19496167
List the prime factors of 12637232.
2, 797, 991
List the prime factors of 1479219.
3, 7, 70439
What are the prime factors of 29491842?
2, 3, 23, 47, 4547
List the prime factors of 209457.
3, 17, 37
List the prime factors of 231462.
2, 3, 7, 11, 167
What are the prime factors of 706825?
5, 7, 577
What are the prime factors of 506028?
2, 3, 42169
List the prime factors of 551551.
7, 11, 13, 19, 29
List the prime factors of 467753.
11, 13, 3271
What are the prime factors of 3404430?
2, 3, 5, 467
What are the prime factors of 27598179?
3, 7, 1314199
What are the prime factors of 1409456?
2, 137, 643
List the prime factors of 95311.
95311
List the prime factors of 390390.
2, 3, 5, 7, 11, 13
List the prime factors of 631192.
2, 257, 307
What are the prime factors of 10946488?
2, 7, 47, 4159
List the prime factors of 5195326.
2, 2597663
List the prime factors of 936623.
499, 1877
List the prime factors of 813807.
3, 17, 197
List the prime factors of 11224132.
2, 151, 18583
List the prime factors of 26826626.
2, 13413313
List the prime factors of 346988.
2, 223, 389
What are the prime factors of 491235?
3, 5, 32749
List the prime factors of 1363817.
7, 13, 2141
What are the prime factors of 1062976?
2, 17, 977
List the prime factors of 230678.
2, 7, 16477
What are the prime factors of 484133?
13, 167, 223
What are the prime factors of 2029084?
2, 43, 47, 251
List the prime factors of 938787.
3, 312929
List the prime factors of 4649461.
43, 108127
What are the prime factors of 12304764?
2, 3, 113933
List the prime factors of 618176.
2, 13, 743
List the prime factors of 252044.
2, 13, 37, 131
What are the prime factors of 120450?
2, 3, 5, 11, 73
What are the prime factors of 240475?
5, 9619
What are the prime factors of 422943?
3, 17, 8293
What are the prime factors of 530968?
2, 31, 2141
What are the prime factors of 1723899?
3, 401, 1433
List the prime factors of 290697.
3, 11, 23, 383
What are the prime factors of 343597?
23, 14939
List the prime factors of 803696.
2, 50231
List the prime factors of 12591392.
2, 11, 35771
List the prime factors of 203617.
203617
What are the prime factors of 532008?
2, 3, 821
What are the prime factors of 70012?
2, 23, 761
What are the prime factors of 3808622?
2, 1904311
What are the prime factors of 1452558?
2, 3, 242093
List the prime factors of 501302.
2, 47, 5333
What are the prime factors of 1374231?
3, 83, 5519
List the prime factors of 114725.
5, 13, 353
What are the prime factors of 689164?
2, 7, 151, 163
List the prime factors of 1281238.
2, 7, 23, 173
What are the prime factors of 280079?
19, 14741
What are the prime factors of 1785105?
3, 5, 7, 1889
What are the prime factors of 303013?
303013
List the prime factors of 6423135.
3, 5, 457, 937
What are the prime factors of 2293648?
2, 7, 20479
List the prime factors of 2878202.
2, 17, 84653
List the prime factors of 24945824.
2, 31, 25147
What are the prime factors of 6627437?
1223, 5419
What are the prime factors of 177292?
2, 127, 349
List the prime factors of 2722345.
5, 53, 10273
What are the prime factors of 3124296?
2, 3, 7, 6199
What are the prime factors of 3866778?
2, 3, 23869
List the prime factors of 825462.
2, 3, 11, 379
What are the prime factors of 211921?
67, 3163
List the prime factors of 463995.
3, 5, 7, 491
List the prime factors of 930600.
2, 3, 5, 11, 47
What are the prime factors of 582500?
2, 5, 233
List the prime factors of 233266.
2, 11, 23, 461
List the prime factors of 18835277.
41, 459397
What are the prime factors of 1378710?
2, 3, 5, 15319
What are the prime factors of 360033?
3, 120011
What are the prime factors of 3356247?
3, 1118749
List the prime factors of 4864614.
2, 3, 810769
List the prime factors of 1496859.
3, 7, 13, 5483
List the prime factors of 1020429.
3, 113381
What are the prime factors of 429659?
429659
What are the prime factors of 6666823?
59, 112997
What are the prime factors of 222859?
7, 13, 31, 79
What are the prime factors of 2814973?
7, 402139
List the prime factors of 6142951.
6142951
What are the prime factors of 1143860?
2, 5, 57193
What are the prime factors of 598752?
2, 3, 7, 11
List the prime factors of 1594272.
2, 3, 16607
What are the prime factors of 47726?
2, 7, 487
List the prime factors of 196879.
196879
What are the prime factors of 18050052?
2, 3, 1504171
List the prime factors of 1525658.
2, 37, 53, 389
List the prime factors of 1008975.
3, 5, 11, 1223
List the prime factors of 1638288.
2, 3, 31, 367
List the prime factors of 18907.
7, 37, 73
List the prime factors of 4654958.
2, 7, 11, 167, 181
What a